CRAN Package Check Results for Package RJDemetra

Last updated on 2019-05-01 01:52:01 CEST.

Flavor Version Tinstall Tcheck Ttotal Status Flags
r-devel-linux-x86_64-debian-clang 0.1.2 9.40 65.59 74.99 OK
r-devel-linux-x86_64-debian-gcc 0.1.2 8.47 50.55 59.02 OK
r-devel-linux-x86_64-fedora-clang 0.1.2 90.17 OK
r-devel-linux-x86_64-fedora-gcc 0.1.2 86.77 OK
r-patched-linux-x86_64 0.1.2 9.76 65.30 75.06 OK
r-patched-solaris-x86 0.1.2 108.80 ERROR
r-release-linux-x86_64 0.1.2 9.11 66.59 75.70 OK
r-release-windows-ix86+x86_64 0.1.2 20.00 89.00 109.00 OK
r-release-osx-x86_64 0.1.2 OK
r-oldrel-windows-ix86+x86_64 0.1.2 16.00 96.00 112.00 OK
r-oldrel-osx-x86_64 0.1.2 OK

Check Details

Version: 0.1.2
Check: examples
Result: ERROR
    Running examples in ‘RJDemetra-Ex.R’ failed
    The error most likely occurred in:
    
    > ### Name: count
    > ### Title: Count the number of objects inside a workspace or
    > ### multiprocessing
    > ### Aliases: count
    >
    > ### ** Examples
    >
    > wk <- new_workspace()
    Error in .jcall("ec/tstoolkit/jdr/ws/Workspace", "Lec/tstoolkit/jdr/ws/Workspace;", :
     RcallMethod: cannot determine object class
    Calls: new_workspace -> .jcall
    Execution halted
Flavor: r-patched-solaris-x86