CRAN Package Check Results for Package RNewsflow

Last updated on 2019-05-01 01:52:01 CEST.

Flavor Version Tinstall Tcheck Ttotal Status Flags
r-devel-linux-x86_64-debian-clang 1.1.0 72.60 94.01 166.61 OK
r-devel-linux-x86_64-debian-gcc 1.1.0 58.12 73.02 131.14 OK
r-devel-linux-x86_64-fedora-clang 1.1.0 229.32 NOTE
r-devel-linux-x86_64-fedora-gcc 1.1.0 202.77 NOTE
r-patched-linux-x86_64 1.1.0 64.71 90.85 155.56 OK
r-patched-solaris-x86 1.1.0 244.90 NOTE
r-release-linux-x86_64 1.1.0 64.39 90.72 155.11 OK
r-release-windows-ix86+x86_64 1.1.0 202.00 143.00 345.00 OK
r-release-osx-x86_64 1.1.0 NOTE
r-oldrel-windows-ix86+x86_64 1.1.0 195.00 171.00 366.00 OK
r-oldrel-osx-x86_64 1.1.0 NOTE

Check Details

Version: 1.1.0
Check: dependencies in R code
Result: NOTE
    Namespace in Imports field not imported from: ‘slam’
     All declared Imports should be used.
Flavors: r-devel-linux-x86_64-fedora-clang, r-devel-linux-x86_64-fedora-gcc, r-patched-solaris-x86, r-release-osx-x86_64, r-oldrel-osx-x86_64