Last updated on 2019-05-01 01:52:02 CEST.
Flavor | Version | Tinstall | Tcheck | Ttotal | Status | Flags |
---|---|---|---|---|---|---|
r-devel-linux-x86_64-debian-clang | 2.0.8 | 17.58 | 138.08 | 155.66 | OK | |
r-devel-linux-x86_64-debian-gcc | 2.0.8 | 15.69 | 106.33 | 122.02 | OK | |
r-devel-linux-x86_64-fedora-clang | 2.0.8 | 181.75 | NOTE | |||
r-devel-linux-x86_64-fedora-gcc | 2.0.8 | 174.60 | NOTE | |||
r-patched-linux-x86_64 | 2.0.8 | 16.91 | 135.25 | 152.16 | OK | |
r-patched-solaris-x86 | 2.0.8 | 266.00 | NOTE | |||
r-release-linux-x86_64 | 2.0.8 | 16.39 | 135.77 | 152.16 | OK | |
r-release-windows-ix86+x86_64 | 2.0.8 | 42.00 | 168.00 | 210.00 | OK | |
r-release-osx-x86_64 | 2.0.8 | NOTE | ||||
r-oldrel-windows-ix86+x86_64 | 2.0.8 | 37.00 | 181.00 | 218.00 | OK | |
r-oldrel-osx-x86_64 | 2.0.8 | NOTE |
Version: 2.0.8
Check: dependencies in R code
Result: NOTE
Namespace in Imports field not imported from: ‘randomcoloR’
All declared Imports should be used.
Flavors: r-devel-linux-x86_64-fedora-clang, r-devel-linux-x86_64-fedora-gcc, r-patched-solaris-x86, r-release-osx-x86_64, r-oldrel-osx-x86_64