Last updated on 2019-05-01 01:52:02 CEST.
Flavor | Version | Tinstall | Tcheck | Ttotal | Status | Flags |
---|---|---|---|---|---|---|
r-devel-linux-x86_64-debian-clang | 0.3.3 | 47.01 | 72.03 | 119.04 | WARN | |
r-devel-linux-x86_64-debian-gcc | 0.3.3 | 38.82 | 58.13 | 96.95 | NOTE | |
r-devel-linux-x86_64-fedora-clang | 0.3.3 | 170.39 | WARN | |||
r-devel-linux-x86_64-fedora-gcc | 0.3.3 | 150.16 | NOTE | |||
r-patched-linux-x86_64 | 0.3.3 | 46.13 | 73.31 | 119.44 | NOTE | |
r-patched-solaris-x86 | 0.3.3 | 202.90 | OK | |||
r-release-linux-x86_64 | 0.3.3 | 45.58 | 73.05 | 118.63 | NOTE | |
r-release-windows-ix86+x86_64 | 0.3.3 | 111.00 | 153.00 | 264.00 | OK | |
r-release-osx-x86_64 | 0.3.3 | WARN | ||||
r-oldrel-windows-ix86+x86_64 | 0.3.3 | 107.00 | 124.00 | 231.00 | OK | |
r-oldrel-osx-x86_64 | 0.3.3 | OK |
Version: 0.3.3
Check: whether package can be installed
Result: WARN
Found the following significant warnings:
getFunctions.cpp:90:16: warning: explicitly assigning value of variable of type 'arma::mat' (aka 'Mat<double>') to itself [-Wself-assign-overloaded]
Flavors: r-devel-linux-x86_64-debian-clang, r-devel-linux-x86_64-fedora-clang, r-release-osx-x86_64
Version: 0.3.3
Check: use of SHLIB_OPENMP_*FLAGS in Makefiles
Result: NOTE
src/Makevars: SHLIB_OPENMP_CXXFLAGS is included in PKG_CXXFLAGS but not in PKG_LIBS
src/Makevars: SHLIB_OPENMP_CFLAGS is included in PKG_LIBS but linking is by C++
src/Makevars.win: SHLIB_OPENMP_CXXFLAGS is included in PKG_CXXFLAGS but not in PKG_LIBS
src/Makevars.win: SHLIB_OPENMP_CFLAGS is included in PKG_LIBS but linking is by C++
Use of these macros is discussed in sect 1.2.1.1 of 'Writing R
Extensions'. The macros for different languages may differ so the
matching macro must be used in PKG_CXXFLAGS (etc) and match that used
in PKG_LIBS (except for Fortran: see the manual).
Flavors: r-devel-linux-x86_64-debian-clang, r-devel-linux-x86_64-debian-gcc, r-devel-linux-x86_64-fedora-clang, r-devel-linux-x86_64-fedora-gcc, r-patched-linux-x86_64, r-release-linux-x86_64