CRAN Package Check Results for Package RandomFields

Last updated on 2019-05-01 01:51:59 CEST.

Flavor Version Tinstall Tcheck Ttotal Status Flags
r-devel-linux-x86_64-debian-clang 3.3.6 100.46 210.43 310.89 OK
r-devel-linux-x86_64-debian-gcc 3.3.6 78.69 162.89 241.58 OK
r-devel-linux-x86_64-fedora-clang 3.3.6 387.95 NOTE
r-devel-linux-x86_64-fedora-gcc 3.3.6 360.37 OK
r-patched-linux-x86_64 3.3.6 88.44 212.56 301.00 OK
r-patched-solaris-x86 3.3.6 413.90 OK
r-release-linux-x86_64 3.3.6 85.72 213.60 299.32 OK
r-release-windows-ix86+x86_64 3.3.6 272.00 438.00 710.00 NOTE
r-release-osx-x86_64 3.3.6 NOTE
r-oldrel-windows-ix86+x86_64 3.3.6 257.00 371.00 628.00 NOTE
r-oldrel-osx-x86_64 3.3.6 NOTE

Additional issues

clang-UBSAN gcc-UBSAN

Check Details

Version: 3.3.6
Check: installed package size
Result: NOTE
     installed size is 7.8Mb
     sub-directories of 1Mb or more:
     R 1.5Mb
     help 1.2Mb
     libs 4.8Mb
Flavors: r-devel-linux-x86_64-fedora-clang, r-release-windows-ix86+x86_64, r-release-osx-x86_64, r-oldrel-windows-ix86+x86_64, r-oldrel-osx-x86_64