CRAN Package Check Results for Package RcmdrPlugin.IPSUR

Last updated on 2019-05-01 01:51:59 CEST.

Flavor Version Tinstall Tcheck Ttotal Status Flags
r-devel-linux-x86_64-debian-clang 0.2-1.1 27.47 130.47 157.94 NOTE
r-devel-linux-x86_64-debian-gcc 0.2-1.1 21.07 100.81 121.88 NOTE
r-devel-linux-x86_64-fedora-clang 0.2-1.1 194.60 NOTE
r-devel-linux-x86_64-fedora-gcc 0.2-1.1 197.47 NOTE
r-patched-linux-x86_64 0.2-1.1 27.88 131.02 158.90 NOTE
r-patched-solaris-x86 0.2-1.1 328.30 NOTE
r-release-linux-x86_64 0.2-1.1 28.08 129.96 158.04 NOTE
r-release-windows-ix86+x86_64 0.2-1.1 56.00 211.00 267.00 NOTE
r-release-osx-x86_64 0.2-1.1 NOTE
r-oldrel-windows-ix86+x86_64 0.2-1.1 53.00 131.00 184.00 NOTE
r-oldrel-osx-x86_64 0.2-1.1 NOTE

Check Details

Version: 0.2-1.1
Check: dependencies in R code
Result: NOTE
    'library' or 'require' calls in package code:
     'abind' 'e1071' 'qcc'
     Please use :: or requireNamespace() instead.
     See section 'Suggested packages' in the 'Writing R Extensions' manual.
Flavors: r-devel-linux-x86_64-debian-clang, r-devel-linux-x86_64-debian-gcc, r-devel-linux-x86_64-fedora-clang, r-devel-linux-x86_64-fedora-gcc, r-patched-linux-x86_64, r-patched-solaris-x86, r-release-linux-x86_64, r-release-windows-ix86+x86_64, r-release-osx-x86_64, r-oldrel-windows-ix86+x86_64, r-oldrel-osx-x86_64