Last updated on 2019-05-01 01:51:59 CEST.
Flavor | Version | Tinstall | Tcheck | Ttotal | Status | Flags |
---|---|---|---|---|---|---|
r-devel-linux-x86_64-debian-clang | 0.2.10 | 19.67 | 60.99 | 80.66 | OK | |
r-devel-linux-x86_64-debian-gcc | 0.2.10 | 14.57 | 50.74 | 65.31 | OK | |
r-devel-linux-x86_64-fedora-clang | 0.2.10 | 109.81 | OK | |||
r-devel-linux-x86_64-fedora-gcc | 0.2.10 | 103.76 | OK | |||
r-patched-linux-x86_64 | 0.2.10 | 17.42 | 60.86 | 78.28 | OK | |
r-patched-solaris-x86 | 0.2.10 | 91.70 | WARN | |||
r-release-linux-x86_64 | 0.2.10 | 16.48 | 60.65 | 77.13 | OK | |
r-release-windows-ix86+x86_64 | 0.2.10 | 59.00 | 166.00 | 225.00 | OK | |
r-release-osx-x86_64 | 0.2.10 | OK | ||||
r-oldrel-windows-ix86+x86_64 | 0.2.10 | 53.00 | 118.00 | 171.00 | OK | |
r-oldrel-osx-x86_64 | 0.2.10 | OK |
Version: 0.2.10
Check: re-building of vignette outputs
Result: WARN
Error(s) in re-building vignettes:
...
--- re-building ‘RcppCNPy-intro.Rmd’ using rmarkdown
Warning in engine$weave(file, quiet = quiet, encoding = enc) :
Pandoc (>= 1.12.3) and/or pandoc-citeproc not available. Falling back to R Markdown v1.
Quitting from lines 95-104 (RcppCNPy-intro.Rmd)
Error: processing vignette 'RcppCNPy-intro.Rmd' failed with diagnostics:
Python shared library not found, Python bindings not loaded.
--- failed re-building ‘RcppCNPy-intro.Rmd’
--- re-building ‘UsingReticulate.Rmd’ using rmarkdown
Warning in engine$weave(file, quiet = quiet, encoding = enc) :
Pandoc (>= 1.12.3) and/or pandoc-citeproc not available. Falling back to R Markdown v1.
Quitting from lines 84-94 (UsingReticulate.Rmd)
Error: processing vignette 'UsingReticulate.Rmd' failed with diagnostics:
Python shared library not found, Python bindings not loaded.
--- failed re-building ‘UsingReticulate.Rmd’
SUMMARY: processing the following files failed:
‘RcppCNPy-intro.Rmd’ ‘UsingReticulate.Rmd’
Error: Vignette re-building failed.
Execution halted
Flavor: r-patched-solaris-x86