Last updated on 2019-05-01 01:51:59 CEST.
Flavor | Version | Tinstall | Tcheck | Ttotal | Status | Flags |
---|---|---|---|---|---|---|
r-devel-linux-x86_64-debian-clang | 0.2.8 | 45.12 | 28.58 | 73.70 | OK | |
r-devel-linux-x86_64-debian-gcc | 0.2.8 | 35.68 | 23.76 | 59.44 | OK | |
r-devel-linux-x86_64-fedora-clang | 0.2.8 | 105.31 | OK | |||
r-devel-linux-x86_64-fedora-gcc | 0.2.8 | 97.45 | OK | |||
r-patched-linux-x86_64 | 0.2.8 | 42.71 | 28.60 | 71.31 | OK | |
r-patched-solaris-x86 | 0.2.8 | 150.00 | OK | |||
r-release-linux-x86_64 | 0.2.8 | 43.18 | 28.64 | 71.82 | OK | |
r-release-windows-ix86+x86_64 | 0.2.8 | 99.00 | 82.00 | 181.00 | NOTE | |
r-release-osx-x86_64 | 0.2.8 | OK | ||||
r-oldrel-windows-ix86+x86_64 | 0.2.8 | 107.00 | 97.00 | 204.00 | NOTE | |
r-oldrel-osx-x86_64 | 0.2.8 | OK |
Version: 0.2.8
Check: installed package size
Result: NOTE
installed size is 6.2Mb
sub-directories of 1Mb or more:
libs 5.3Mb
Flavors: r-release-windows-ix86+x86_64, r-oldrel-windows-ix86+x86_64