Last updated on 2019-05-01 01:51:59 CEST.
Flavor | Version | Tinstall | Tcheck | Ttotal | Status | Flags |
---|---|---|---|---|---|---|
r-devel-linux-x86_64-debian-clang | 4.4.2 | 34.78 | 69.81 | 104.59 | NOTE | |
r-devel-linux-x86_64-debian-gcc | 4.4.2 | 43.77 | 50.21 | 93.98 | NOTE | |
r-devel-linux-x86_64-fedora-clang | 4.4.2 | 145.79 | NOTE | |||
r-devel-linux-x86_64-fedora-gcc | 4.4.2 | 159.04 | NOTE | |||
r-patched-linux-x86_64 | 4.4.2 | 56.24 | 64.69 | 120.93 | NOTE | |
r-patched-solaris-x86 | 4.4.2 | 215.80 | NOTE | |||
r-release-linux-x86_64 | 4.4.2 | 55.46 | 64.73 | 120.19 | NOTE | |
r-release-windows-ix86+x86_64 | 4.4.2 | 303.00 | 189.00 | 492.00 | NOTE | |
r-release-osx-x86_64 | 4.4.2 | NOTE | ||||
r-oldrel-windows-ix86+x86_64 | 4.4.2 | 306.00 | 140.00 | 446.00 | NOTE | |
r-oldrel-osx-x86_64 | 4.4.2 | NOTE |
Version: 4.4.2
Check: for GNU extensions in Makefiles
Result: NOTE
GNU make is a SystemRequirements.
Flavors: r-devel-linux-x86_64-debian-clang, r-devel-linux-x86_64-debian-gcc, r-devel-linux-x86_64-fedora-clang, r-devel-linux-x86_64-fedora-gcc, r-patched-linux-x86_64, r-patched-solaris-x86, r-release-linux-x86_64, r-release-windows-ix86+x86_64, r-release-osx-x86_64, r-oldrel-windows-ix86+x86_64, r-oldrel-osx-x86_64
Version: 4.4.2
Check: compilation flags used
Result: NOTE
Compilation used the following non-portable flag(s):
‘-mrtm’
Flavors: r-devel-linux-x86_64-debian-gcc, r-devel-linux-x86_64-fedora-gcc, r-patched-linux-x86_64, r-release-linux-x86_64
Version: 4.4.2
Check: installed package size
Result: NOTE
installed size is 11.9Mb
sub-directories of 1Mb or more:
include 1.8Mb
lib 8.9Mb
libs 1.0Mb
Flavors: r-release-windows-ix86+x86_64, r-oldrel-windows-ix86+x86_64