Last updated on 2019-05-01 01:52:00 CEST.
Flavor | Version | Tinstall | Tcheck | Ttotal | Status | Flags |
---|---|---|---|---|---|---|
r-devel-linux-x86_64-debian-clang | 1.9.3 | 1009.89 | 105.43 | 1115.32 | OK | |
r-devel-linux-x86_64-debian-gcc | 1.9.3 | 802.70 | 82.02 | 884.72 | OK | |
r-devel-linux-x86_64-fedora-clang | 1.9.3 | 1778.84 | NOTE | |||
r-devel-linux-x86_64-fedora-gcc | 1.9.3 | 1557.40 | OK | |||
r-patched-linux-x86_64 | 1.9.3 | 945.37 | 104.67 | 1050.04 | OK | |
r-patched-solaris-x86 | 1.9.3 | 1447.30 | NOTE | |||
r-release-linux-x86_64 | 1.9.3 | 958.87 | 105.15 | 1064.02 | OK | |
r-release-windows-ix86+x86_64 | 1.9.3 | 1973.00 | 170.00 | 2143.00 | NOTE | |
r-release-osx-x86_64 | 1.9.3 | ERROR | ||||
r-oldrel-windows-ix86+x86_64 | 1.9.3 | 2653.00 | 181.00 | 2834.00 | NOTE | |
r-oldrel-osx-x86_64 | 1.9.3 | NOTE |
Version: 1.9.3
Check: installed package size
Result: NOTE
installed size is 46.7Mb
sub-directories of 1Mb or more:
libs 45.4Mb
Flavors: r-devel-linux-x86_64-fedora-clang, r-patched-solaris-x86, r-release-windows-ix86+x86_64, r-oldrel-windows-ix86+x86_64, r-oldrel-osx-x86_64
Version: 1.9.3
Check: whether package can be installed
Result: ERROR
Installation failed.
Flavor: r-release-osx-x86_64