Last updated on 2019-05-01 01:52:01 CEST.
Flavor | Version | Tinstall | Tcheck | Ttotal | Status | Flags |
---|---|---|---|---|---|---|
r-devel-linux-x86_64-debian-clang | 0.2.6 | 104.85 | 40.72 | 145.57 | OK | |
r-devel-linux-x86_64-debian-gcc | 0.2.6 | 86.86 | 33.33 | 120.19 | OK | |
r-devel-linux-x86_64-fedora-clang | 0.2.6 | 222.49 | NOTE | |||
r-devel-linux-x86_64-fedora-gcc | 0.2.6 | 200.43 | OK | |||
r-patched-linux-x86_64 | 0.2.6 | 102.60 | 40.60 | 143.20 | OK | |
r-patched-solaris-x86 | 0.2.6 | 214.90 | OK | |||
r-release-linux-x86_64 | 0.2.6 | 102.29 | 40.68 | 142.97 | OK | |
r-release-windows-ix86+x86_64 | 0.2.6 | 236.00 | 118.00 | 354.00 | OK | |
r-release-osx-x86_64 | 0.2.6 | NOTE | ||||
r-oldrel-windows-ix86+x86_64 | 0.2.6 | 244.00 | 87.00 | 331.00 | OK | |
r-oldrel-osx-x86_64 | 0.2.6 | NOTE |
Version: 0.2.6
Check: installed package size
Result: NOTE
installed size is 6.7Mb
sub-directories of 1Mb or more:
libs 5.6Mb
Flavors: r-devel-linux-x86_64-fedora-clang, r-release-osx-x86_64, r-oldrel-osx-x86_64