CRAN Package Check Results for Package Rmixmod

Last updated on 2019-05-01 01:52:01 CEST.

Flavor Version Tinstall Tcheck Ttotal Status Flags
r-devel-linux-x86_64-debian-clang 2.1.2.2 408.44 57.60 466.04 OK
r-devel-linux-x86_64-debian-gcc 2.1.2.2 413.94 62.78 476.72 OK
r-devel-linux-x86_64-fedora-clang 2.1.2.2 842.97 NOTE
r-devel-linux-x86_64-fedora-gcc 2.1.2.2 831.29 OK
r-patched-linux-x86_64 2.1.2.2 498.78 76.49 575.27 OK
r-patched-solaris-x86 2.1.2.2 801.90 OK
r-release-linux-x86_64 2.1.2.2 503.40 76.60 580.00 OK
r-release-windows-ix86+x86_64 2.1.2.2 1197.00 159.00 1356.00 OK
r-release-osx-x86_64 2.1.2.2 NOTE
r-oldrel-windows-ix86+x86_64 2.1.2.2 1189.00 128.00 1317.00 OK
r-oldrel-osx-x86_64 2.1.2.2 NOTE

Additional issues

clang-UBSAN

Check Details

Version: 2.1.2.2
Check: installed package size
Result: NOTE
     installed size is 37.7Mb
     sub-directories of 1Mb or more:
     libs 36.8Mb
Flavors: r-devel-linux-x86_64-fedora-clang, r-release-osx-x86_64, r-oldrel-osx-x86_64