CRAN Package Check Results for Package Rmosek

Last updated on 2019-05-01 01:52:01 CEST.

Flavor Version Tinstall Tcheck Ttotal Status Flags
r-devel-linux-x86_64-debian-clang 1.3.4 1.60 16.26 17.86 NOTE --no-examples --no-tests --no-vignettes
r-devel-linux-x86_64-debian-gcc 1.3.4 1.50 13.64 15.14 NOTE --no-examples --no-tests --no-vignettes
r-devel-linux-x86_64-fedora-clang 1.3.4 22.84 OK
r-devel-linux-x86_64-fedora-gcc 1.3.4 21.45 OK
r-patched-linux-x86_64 1.3.4 1.53 16.46 17.99 NOTE --no-examples --no-tests --no-vignettes
r-release-linux-x86_64 1.3.3 1.85 16.35 18.20 NOTE --no-examples --no-tests --no-vignettes
r-release-windows-ix86+x86_64 1.3.4 4.00 30.00 34.00 OK
r-release-osx-x86_64 1.3.4 OK
r-oldrel-windows-ix86+x86_64 1.3.3 3.00 32.00 35.00 OK
r-oldrel-osx-x86_64 1.3.4 OK

Check Details

Version: 1.3.4
Flags: --no-examples --no-tests --no-vignettes
Check: R code for possible problems
Result: NOTE
    Found the following calls to attach():
    File 'Rmosek/R/builder.R':
     attach(builderenv, pos, name, warn.conflicts)
    See section 'Good practice' in '?attach'.
Flavors: r-devel-linux-x86_64-debian-clang, r-devel-linux-x86_64-debian-gcc, r-patched-linux-x86_64

Version: 1.3.3
Flags: --no-examples --no-tests --no-vignettes
Check: R code for possible problems
Result: NOTE
    Found the following calls to attach():
    File ‘Rmosek/R/builder.R’:
     attach(builderenv, pos, name, warn.conflicts)
    See section ‘Good practice’ in ‘?attach’.
Flavor: r-release-linux-x86_64