Last updated on 2019-05-01 01:52:01 CEST.
Flavor | Version | Tinstall | Tcheck | Ttotal | Status | Flags |
---|---|---|---|---|---|---|
r-devel-linux-x86_64-debian-clang | 0.6-9 | 5.96 | 30.54 | 36.50 | OK | |
r-devel-linux-x86_64-debian-gcc | 0.6-9 | 4.99 | 24.62 | 29.61 | OK | |
r-devel-linux-x86_64-fedora-clang | 0.6-9 | 43.71 | OK | |||
r-devel-linux-x86_64-fedora-gcc | 0.6-9 | 41.83 | OK | |||
r-patched-linux-x86_64 | 0.6-9 | 6.38 | 30.92 | 37.30 | OK | |
r-patched-solaris-x86 | 0.6-9 | 56.80 | OK | |||
r-release-linux-x86_64 | 0.6-9 | 5.39 | 30.37 | 35.76 | OK | |
r-release-windows-ix86+x86_64 | 0.6-9 | 50.00 | 64.00 | 114.00 | OK | |
r-release-osx-x86_64 | 0.6-9 | ERROR | ||||
r-oldrel-windows-ix86+x86_64 | 0.6-9 | 33.00 | 49.00 | 82.00 | OK | |
r-oldrel-osx-x86_64 | 0.6-9 | ERROR |
Version: 0.6-9
Check: whether package can be installed
Result: ERROR
Installation failed.
Flavors: r-release-osx-x86_64, r-oldrel-osx-x86_64