Last updated on 2019-05-01 01:52:01 CEST.
Flavor | Version | Tinstall | Tcheck | Ttotal | Status | Flags |
---|---|---|---|---|---|---|
r-devel-linux-x86_64-debian-clang | 1.2.0 | 14.91 | 27.13 | 42.04 | OK | |
r-devel-linux-x86_64-debian-gcc | 1.2.0 | 15.23 | 22.72 | 37.95 | OK | |
r-devel-linux-x86_64-fedora-clang | 1.2.0 | 52.79 | NOTE | |||
r-devel-linux-x86_64-fedora-gcc | 1.2.0 | 51.66 | OK | |||
r-patched-linux-x86_64 | 1.2.0 | 15.25 | 27.37 | 42.62 | OK | |
r-patched-solaris-x86 | 1.2.0 | 89.60 | NOTE | |||
r-release-linux-x86_64 | 1.2.0 | 14.31 | 27.03 | 41.34 | OK | |
r-release-windows-ix86+x86_64 | 1.2.0 | 45.00 | 47.00 | 92.00 | NOTE | |
r-release-osx-x86_64 | 1.2.0 | NOTE | ||||
r-oldrel-windows-ix86+x86_64 | 1.2.0 | 36.00 | 48.00 | 84.00 | NOTE | |
r-oldrel-osx-x86_64 | 1.2.0 | NOTE |
Version: 1.2.0
Check: installed package size
Result: NOTE
installed size is 11.3Mb
sub-directories of 1Mb or more:
R 11.2Mb
Flavors: r-devel-linux-x86_64-fedora-clang, r-patched-solaris-x86, r-release-windows-ix86+x86_64, r-release-osx-x86_64, r-oldrel-windows-ix86+x86_64, r-oldrel-osx-x86_64