CRAN Package Check Results for Package Rphylopars

Last updated on 2019-05-01 01:52:01 CEST.

Flavor Version Tinstall Tcheck Ttotal Status Flags
r-devel-linux-x86_64-debian-clang 0.2.9 53.58 94.08 147.66 OK
r-devel-linux-x86_64-debian-gcc 0.2.9 44.86 73.24 118.10 OK
r-devel-linux-x86_64-fedora-clang 0.2.9 197.17 NOTE
r-devel-linux-x86_64-fedora-gcc 0.2.9 179.74 NOTE
r-patched-linux-x86_64 0.2.9 49.65 93.35 143.00 OK
r-patched-solaris-x86 0.2.9 242.50 OK
r-release-linux-x86_64 0.2.9 52.53 93.17 145.70 OK
r-release-windows-ix86+x86_64 0.2.9 133.00 220.00 353.00 OK
r-release-osx-x86_64 0.2.9 NOTE
r-oldrel-windows-ix86+x86_64 0.2.9 123.00 192.00 315.00 OK
r-oldrel-osx-x86_64 0.2.9 OK

Check Details

Version: 0.2.9
Check: compiled code
Result: NOTE
    File ‘Rphylopars/libs/Rphylopars.so’:
     Found no calls to: ‘R_registerRoutines’, ‘R_useDynamicSymbols’
    
    It is good practice to register native routines and to disable symbol
    search.
    
    See ‘Writing portable packages’ in the ‘Writing R Extensions’ manual.
Flavors: r-devel-linux-x86_64-fedora-clang, r-devel-linux-x86_64-fedora-gcc

Version: 0.2.9
Check: installed package size
Result: NOTE
     installed size is 5.4Mb
     sub-directories of 1Mb or more:
     libs 5.2Mb
Flavor: r-release-osx-x86_64