Last updated on 2019-05-01 01:52:02 CEST.
Flavor | Version | Tinstall | Tcheck | Ttotal | Status | Flags |
---|---|---|---|---|---|---|
r-devel-linux-x86_64-debian-clang | 1.2 | 14.14 | 106.14 | 120.28 | OK | |
r-devel-linux-x86_64-debian-gcc | 1.2 | 11.00 | 81.25 | 92.25 | OK | |
r-devel-linux-x86_64-fedora-clang | 1.2 | 159.16 | NOTE | |||
r-devel-linux-x86_64-fedora-gcc | 1.2 | 153.57 | NOTE | |||
r-patched-linux-x86_64 | 1.2 | 14.83 | 105.02 | 119.85 | OK | |
r-release-linux-x86_64 | 1.2 | 14.84 | 103.81 | 118.65 | OK | |
r-release-windows-ix86+x86_64 | 1.2 | 32.00 | 99.00 | 131.00 | OK | |
r-release-osx-x86_64 | 1.2 | NOTE | ||||
r-oldrel-windows-ix86+x86_64 | 1.2 | 32.00 | 174.00 | 206.00 | OK | |
r-oldrel-osx-x86_64 | 1.2 | NOTE |
Version: 1.2
Check: dependencies in R code
Result: NOTE
Namespaces in Imports field not imported from:
‘DT’ ‘rmarkdown’
All declared Imports should be used.
Flavors: r-devel-linux-x86_64-fedora-clang, r-devel-linux-x86_64-fedora-gcc, r-release-osx-x86_64, r-oldrel-osx-x86_64