Last updated on 2019-05-01 01:52:02 CEST.
Flavor | Version | Tinstall | Tcheck | Ttotal | Status | Flags |
---|---|---|---|---|---|---|
r-devel-linux-x86_64-debian-clang | 1.0.0 | 55.59 | 69.75 | 125.34 | NOTE | |
r-devel-linux-x86_64-debian-gcc | 1.0.0 | 51.19 | 55.63 | 106.82 | NOTE | |
r-devel-linux-x86_64-fedora-clang | 1.0.0 | 181.62 | NOTE | |||
r-devel-linux-x86_64-fedora-gcc | 1.0.0 | 160.51 | NOTE | |||
r-patched-linux-x86_64 | 1.0.0 | 54.90 | 68.75 | 123.65 | NOTE | |
r-patched-solaris-x86 | 1.0.0 | 211.40 | NOTE | |||
r-release-linux-x86_64 | 1.0.0 | 57.07 | 69.01 | 126.08 | NOTE | |
r-release-windows-ix86+x86_64 | 1.0.0 | 166.00 | 112.00 | 278.00 | NOTE | |
r-release-osx-x86_64 | 1.0.0 | NOTE | ||||
r-oldrel-windows-ix86+x86_64 | 1.0.0 | 171.00 | 182.00 | 353.00 | NOTE | |
r-oldrel-osx-x86_64 | 1.0.0 | NOTE |
Version: 1.0.0
Check: for GNU extensions in Makefiles
Result: NOTE
GNU make is a SystemRequirements.
Flavors: r-devel-linux-x86_64-debian-clang, r-devel-linux-x86_64-debian-gcc, r-devel-linux-x86_64-fedora-clang, r-devel-linux-x86_64-fedora-gcc, r-patched-linux-x86_64, r-patched-solaris-x86, r-release-linux-x86_64, r-release-windows-ix86+x86_64, r-release-osx-x86_64, r-oldrel-windows-ix86+x86_64, r-oldrel-osx-x86_64
Version: 1.0.0
Check: dependencies in R code
Result: NOTE
Namespaces in Imports field not imported from:
‘httr’ ‘jsonlite’
All declared Imports should be used.
Flavors: r-devel-linux-x86_64-fedora-clang, r-devel-linux-x86_64-fedora-gcc, r-patched-solaris-x86, r-release-osx-x86_64, r-oldrel-osx-x86_64