CRAN Package Check Results for Package SDDE

Last updated on 2019-05-01 01:52:03 CEST.

Flavor Version Tinstall Tcheck Ttotal Status Flags
r-devel-linux-x86_64-debian-clang 1.0.1 5.10 37.55 42.65 OK
r-devel-linux-x86_64-debian-gcc 1.0.1 4.27 30.46 34.73 OK
r-devel-linux-x86_64-fedora-clang 1.0.1 53.09 NOTE
r-devel-linux-x86_64-fedora-gcc 1.0.1 48.45 NOTE
r-patched-linux-x86_64 1.0.1 4.72 37.43 42.15 OK
r-patched-solaris-x86 1.0.1 81.10 OK
r-release-linux-x86_64 1.0.1 5.38 37.57 42.95 OK
r-release-windows-ix86+x86_64 1.0.1 14.00 64.00 78.00 OK
r-release-osx-x86_64 1.0.1 OK
r-oldrel-windows-ix86+x86_64 1.0.1 12.00 111.00 123.00 OK
r-oldrel-osx-x86_64 1.0.1 OK

Check Details

Version: 1.0.1
Check: compiled code
Result: NOTE
    File ‘SDDE/libs/SDDE.so’:
     Found no calls to: ‘R_registerRoutines’, ‘R_useDynamicSymbols’
    
    It is good practice to register native routines and to disable symbol
    search.
    
    See ‘Writing portable packages’ in the ‘Writing R Extensions’ manual.
Flavors: r-devel-linux-x86_64-fedora-clang, r-devel-linux-x86_64-fedora-gcc