Last updated on 2019-05-01 01:52:05 CEST.
Flavor | Version | Tinstall | Tcheck | Ttotal | Status | Flags |
---|---|---|---|---|---|---|
r-devel-linux-x86_64-debian-clang | 0.1.0 | 1.81 | 16.43 | 18.24 | OK | |
r-devel-linux-x86_64-debian-gcc | 0.1.0 | 1.12 | 13.79 | 14.91 | OK | |
r-devel-linux-x86_64-fedora-clang | 0.1.0 | 23.13 | NOTE | |||
r-devel-linux-x86_64-fedora-gcc | 0.1.0 | 21.50 | NOTE | |||
r-patched-linux-x86_64 | 0.1.0 | 1.23 | 16.48 | 17.71 | OK | |
r-patched-solaris-x86 | 0.1.0 | 37.10 | NOTE | |||
r-release-linux-x86_64 | 0.1.0 | 1.24 | 16.37 | 17.61 | OK | |
r-release-windows-ix86+x86_64 | 0.1.0 | 6.00 | 40.00 | 46.00 | OK | |
r-release-osx-x86_64 | 0.1.0 | NOTE | ||||
r-oldrel-windows-ix86+x86_64 | 0.1.0 | 3.00 | 41.00 | 44.00 | OK | |
r-oldrel-osx-x86_64 | 0.1.0 | NOTE |
Version: 0.1.0
Check: dependencies in R code
Result: NOTE
Namespaces in Imports field not imported from:
‘Hmisc’ ‘corrgram’ ‘datasets’ ‘dplyr’ ‘psych’ ‘psycho’ ‘rpivotTable’
‘shiny’
All declared Imports should be used.
Flavors: r-devel-linux-x86_64-fedora-clang, r-devel-linux-x86_64-fedora-gcc, r-patched-solaris-x86, r-release-osx-x86_64, r-oldrel-osx-x86_64