Last updated on 2019-05-01 01:52:04 CEST.
Flavor | Version | Tinstall | Tcheck | Ttotal | Status | Flags |
---|---|---|---|---|---|---|
r-devel-linux-x86_64-debian-clang | 1.0.1 | 3.17 | 30.68 | 33.85 | OK | |
r-devel-linux-x86_64-debian-gcc | 1.0.1 | 2.77 | 25.63 | 28.40 | OK | |
r-devel-linux-x86_64-fedora-clang | 1.0.1 | 42.66 | OK | |||
r-devel-linux-x86_64-fedora-gcc | 1.0.1 | 39.11 | OK | |||
r-patched-linux-x86_64 | 1.0.1 | 2.99 | 30.91 | 33.90 | OK | |
r-patched-solaris-x86 | 1.0.1 | 72.20 | OK | |||
r-release-linux-x86_64 | 1.0.1 | 3.62 | 30.75 | 34.37 | OK | |
r-release-windows-ix86+x86_64 | 1.0.1 | 16.00 | 86.00 | 102.00 | OK | |
r-release-osx-x86_64 | 1.0.1 | WARN | ||||
r-oldrel-windows-ix86+x86_64 | 1.0.1 | 19.00 | 78.00 | 97.00 | OK | |
r-oldrel-osx-x86_64 | 1.0.1 | OK |
Version: 1.0.1
Check: whether package can be installed
Result: WARN
Found the following significant warnings:
Warning: 'rgl_init' failed, running with rgl.useNULL = TRUE
Flavor: r-release-osx-x86_64