CRAN Package Check Results for Package SimTimeVar

Last updated on 2019-05-01 01:52:04 CEST.

Flavor Version Tinstall Tcheck Ttotal Status Flags
r-devel-linux-x86_64-debian-clang 1.0.0 4.52 40.59 45.11 OK
r-devel-linux-x86_64-debian-gcc 1.0.0 3.79 32.56 36.35 OK
r-devel-linux-x86_64-fedora-clang 1.0.0 55.12 NOTE
r-devel-linux-x86_64-fedora-gcc 1.0.0 51.06 NOTE
r-patched-linux-x86_64 1.0.0 4.54 39.47 44.01 OK
r-patched-solaris-x86 1.0.0 83.20 NOTE
r-release-linux-x86_64 1.0.0 4.20 39.30 43.50 OK
r-release-windows-ix86+x86_64 1.0.0 17.00 79.00 96.00 OK
r-release-osx-x86_64 1.0.0 NOTE
r-oldrel-windows-ix86+x86_64 1.0.0 13.00 75.00 88.00 OK
r-oldrel-osx-x86_64 1.0.0 NOTE

Check Details

Version: 1.0.0
Check: dependencies in R code
Result: NOTE
    Namespace in Imports field not imported from: ‘metafor’
     All declared Imports should be used.
Flavors: r-devel-linux-x86_64-fedora-clang, r-devel-linux-x86_64-fedora-gcc, r-patched-solaris-x86, r-release-osx-x86_64, r-oldrel-osx-x86_64