Last updated on 2019-05-01 01:52:04 CEST.
Flavor | Version | Tinstall | Tcheck | Ttotal | Status | Flags |
---|---|---|---|---|---|---|
r-devel-linux-x86_64-debian-clang | 0.99.0 | 3.47 | 29.94 | 33.41 | OK | |
r-devel-linux-x86_64-debian-gcc | 0.99.0 | 3.77 | 22.34 | 26.11 | OK | |
r-devel-linux-x86_64-fedora-clang | 0.99.0 | 42.70 | OK | |||
r-devel-linux-x86_64-fedora-gcc | 0.99.0 | 39.88 | OK | |||
r-patched-linux-x86_64 | 0.99.0 | 4.21 | 28.23 | 32.44 | OK | |
r-patched-solaris-x86 | 0.99.0 | 63.80 | OK | |||
r-release-linux-x86_64 | 0.99.0 | 4.09 | 30.74 | 34.83 | OK | |
r-release-windows-ix86+x86_64 | 0.99.0 | 8.00 | 46.00 | 54.00 | OK | |
r-release-osx-x86_64 | 0.99.0 | ERROR | ||||
r-oldrel-windows-ix86+x86_64 | 0.99.0 | 8.00 | 58.00 | 66.00 | OK | |
r-oldrel-osx-x86_64 | 0.99.0 | OK |
Version: 0.99.0
Check: package dependencies
Result: ERROR
Package required but not available: ‘PMA’
See section ‘The DESCRIPTION file’ in the ‘Writing R Extensions’
manual.
Flavor: r-release-osx-x86_64