Last updated on 2019-05-01 01:52:05 CEST.
Flavor | Version | Tinstall | Tcheck | Ttotal | Status | Flags |
---|---|---|---|---|---|---|
r-devel-linux-x86_64-debian-clang | 3.1.1 | 17.91 | 22.57 | 40.48 | NOTE | |
r-devel-linux-x86_64-debian-gcc | 3.1.1 | 12.34 | 19.33 | 31.67 | NOTE | |
r-devel-linux-x86_64-fedora-clang | 3.1.1 | 57.34 | NOTE | |||
r-devel-linux-x86_64-fedora-gcc | 3.1.1 | 48.22 | NOTE | |||
r-patched-linux-x86_64 | 3.1.1 | 14.33 | 22.86 | 37.19 | NOTE | |
r-patched-solaris-x86 | 3.1.1 | 68.00 | NOTE | |||
r-release-linux-x86_64 | 3.1.1 | 15.79 | 23.03 | 38.82 | NOTE | |
r-release-windows-ix86+x86_64 | 3.1.1 | 50.00 | 66.00 | 116.00 | NOTE | |
r-release-osx-x86_64 | 3.1.1 | NOTE | ||||
r-oldrel-windows-ix86+x86_64 | 3.1.1 | 48.00 | 53.00 | 101.00 | NOTE | |
r-oldrel-osx-x86_64 | 3.1.1 | NOTE |
Version: 3.1.1
Check: for GNU extensions in Makefiles
Result: NOTE
GNU make is a SystemRequirements.
Flavors: r-devel-linux-x86_64-debian-clang, r-devel-linux-x86_64-debian-gcc, r-devel-linux-x86_64-fedora-clang, r-devel-linux-x86_64-fedora-gcc, r-patched-linux-x86_64, r-patched-solaris-x86, r-release-linux-x86_64, r-release-windows-ix86+x86_64, r-release-osx-x86_64, r-oldrel-windows-ix86+x86_64, r-oldrel-osx-x86_64