Last updated on 2019-05-01 01:52:05 CEST.
Flavor | Version | Tinstall | Tcheck | Ttotal | Status | Flags |
---|---|---|---|---|---|---|
r-devel-linux-x86_64-debian-clang | 1.0 | 24.82 | 21.10 | 45.92 | OK | |
r-devel-linux-x86_64-debian-gcc | 1.0 | 19.34 | 17.64 | 36.98 | OK | |
r-devel-linux-x86_64-fedora-clang | 1.0 | 68.51 | NOTE | |||
r-devel-linux-x86_64-fedora-gcc | 1.0 | 59.27 | NOTE | |||
r-patched-linux-x86_64 | 1.0 | 25.89 | 21.25 | 47.14 | OK | |
r-patched-solaris-x86 | 1.0 | 75.40 | OK | |||
r-release-linux-x86_64 | 1.0 | 23.27 | 21.36 | 44.63 | OK | |
r-release-windows-ix86+x86_64 | 1.0 | 64.00 | 70.00 | 134.00 | OK | |
r-release-osx-x86_64 | 1.0 | OK | ||||
r-oldrel-windows-ix86+x86_64 | 1.0 | 62.00 | 50.00 | 112.00 | OK | |
r-oldrel-osx-x86_64 | 1.0 | OK |
Version: 1.0
Check: compiled code
Result: NOTE
File ‘StepwiseTest/libs/StepwiseTest.so’:
Found no calls to: ‘R_registerRoutines’, ‘R_useDynamicSymbols’
It is good practice to register native routines and to disable symbol
search.
See ‘Writing portable packages’ in the ‘Writing R Extensions’ manual.
Flavors: r-devel-linux-x86_64-fedora-clang, r-devel-linux-x86_64-fedora-gcc