Last updated on 2019-05-01 01:52:07 CEST.
Flavor | Version | Tinstall | Tcheck | Ttotal | Status | Flags |
---|---|---|---|---|---|---|
r-devel-linux-x86_64-debian-clang | 0.1.0 | 4.69 | 52.71 | 57.40 | OK | |
r-devel-linux-x86_64-debian-gcc | 0.1.0 | 4.43 | 37.31 | 41.74 | OK | |
r-devel-linux-x86_64-fedora-clang | 0.1.0 | 71.15 | NOTE | |||
r-devel-linux-x86_64-fedora-gcc | 0.1.0 | 65.70 | NOTE | |||
r-patched-linux-x86_64 | 0.1.0 | 4.46 | 48.49 | 52.95 | OK | |
r-patched-solaris-x86 | 0.1.0 | 121.40 | NOTE | |||
r-release-linux-x86_64 | 0.1.0 | 5.14 | 52.27 | 57.41 | OK | |
r-release-windows-ix86+x86_64 | 0.1.0 | 11.00 | 88.00 | 99.00 | OK | |
r-release-osx-x86_64 | 0.1.0 | NOTE | ||||
r-oldrel-windows-ix86+x86_64 | 0.1.0 | 9.00 | 87.00 | 96.00 | OK | |
r-oldrel-osx-x86_64 | 0.1.0 | NOTE |
Version: 0.1.0
Check: dependencies in R code
Result: NOTE
Namespace in Imports field not imported from: ‘mvtnorm’
All declared Imports should be used.
Flavors: r-devel-linux-x86_64-fedora-clang, r-devel-linux-x86_64-fedora-gcc, r-patched-solaris-x86, r-release-osx-x86_64, r-oldrel-osx-x86_64