CRAN Package Check Results for Package TSclust

Last updated on 2019-05-01 01:52:07 CEST.

Flavor Version Tinstall Tcheck Ttotal Status Flags
r-devel-linux-x86_64-debian-clang 1.2.4 6.99 61.54 68.53 OK
r-devel-linux-x86_64-debian-gcc 1.2.4 6.24 48.81 55.05 OK
r-devel-linux-x86_64-fedora-clang 1.2.4 85.14 OK
r-devel-linux-x86_64-fedora-gcc 1.2.4 78.32 OK
r-patched-linux-x86_64 1.2.4 6.90 61.06 67.96 OK
r-patched-solaris-x86 1.2.4 118.30 OK
r-release-linux-x86_64 1.2.4 7.32 61.83 69.15 OK
r-release-windows-ix86+x86_64 1.2.4 29.00 114.00 143.00 OK
r-release-osx-x86_64 1.2.4 WARN
r-oldrel-windows-ix86+x86_64 1.2.4 15.00 76.00 91.00 OK
r-oldrel-osx-x86_64 1.2.4 OK

Check Details

Version: 1.2.4
Check: whether package can be installed
Result: WARN
    Found the following significant warnings:
     Warning: 'rgl_init' failed, running with rgl.useNULL = TRUE
Flavor: r-release-osx-x86_64