Last updated on 2019-05-01 01:52:07 CEST.
Flavor | Version | Tinstall | Tcheck | Ttotal | Status | Flags |
---|---|---|---|---|---|---|
r-devel-linux-x86_64-debian-clang | 0.1.1 | 11.49 | 70.00 | 81.49 | OK | |
r-devel-linux-x86_64-debian-gcc | 0.1.1 | 9.19 | 57.22 | 66.41 | OK | |
r-devel-linux-x86_64-fedora-clang | 0.1.1 | 104.85 | OK | |||
r-devel-linux-x86_64-fedora-gcc | 0.1.1 | 96.87 | OK | |||
r-patched-linux-x86_64 | 0.1.1 | 12.10 | 70.87 | 82.97 | OK | |
r-patched-solaris-x86 | 0.1.1 | 147.20 | OK | |||
r-release-linux-x86_64 | 0.1.1 | 11.65 | 72.23 | 83.88 | OK | |
r-release-windows-ix86+x86_64 | 0.1.1 | 24.00 | 103.00 | 127.00 | OK | |
r-release-osx-x86_64 | 0.1.1 | FAIL | ||||
r-oldrel-windows-ix86+x86_64 | 0.1.1 | 21.00 | 100.00 | 121.00 | OK | |
r-oldrel-osx-x86_64 | 0.1.1 | OK |
Version: 0.1.1
Check: whether package can be installed
Result: FAIL
Flavor: r-release-osx-x86_64