Last updated on 2019-05-01 01:52:06 CEST.
Flavor | Version | Tinstall | Tcheck | Ttotal | Status | Flags |
---|---|---|---|---|---|---|
r-devel-linux-x86_64-debian-clang | 2.10 | 12.52 | 75.92 | 88.44 | NOTE | |
r-devel-linux-x86_64-debian-gcc | 2.10 | 10.59 | 58.81 | 69.40 | NOTE | |
r-devel-linux-x86_64-fedora-clang | 2.10 | 107.12 | NOTE | |||
r-devel-linux-x86_64-fedora-gcc | 2.10 | 100.06 | NOTE | |||
r-patched-linux-x86_64 | 2.10 | 11.41 | 75.78 | 87.19 | NOTE | |
r-patched-solaris-x86 | 2.10 | 132.20 | NOTE | |||
r-release-linux-x86_64 | 2.10 | 12.76 | 76.41 | 89.17 | NOTE | |
r-release-windows-ix86+x86_64 | 2.10 | 25.00 | 118.00 | 143.00 | OK | |
r-release-osx-x86_64 | 2.10 | NOTE | ||||
r-oldrel-windows-ix86+x86_64 | 2.10 | 23.00 | 108.00 | 131.00 | OK | |
r-oldrel-osx-x86_64 | 2.10 | NOTE |
Version: 2.10
Check: package dependencies
Result: NOTE
Package suggested but not available for checking: 'R2wd'
Flavors: r-devel-linux-x86_64-debian-clang, r-devel-linux-x86_64-debian-gcc, r-devel-linux-x86_64-fedora-clang, r-devel-linux-x86_64-fedora-gcc, r-patched-linux-x86_64, r-patched-solaris-x86, r-release-linux-x86_64, r-release-osx-x86_64, r-oldrel-osx-x86_64