CRAN Package Check Results for Package XHWE

Last updated on 2019-05-01 01:52:08 CEST.

Flavor Version Tinstall Tcheck Ttotal Status Flags
r-devel-linux-x86_64-debian-clang 1.0 2.02 19.99 22.01 NOTE
r-devel-linux-x86_64-debian-gcc 1.0 1.60 16.67 18.27 NOTE
r-devel-linux-x86_64-fedora-clang 1.0 26.63 NOTE
r-devel-linux-x86_64-fedora-gcc 1.0 24.97 NOTE
r-patched-linux-x86_64 1.0 2.06 20.37 22.43 NOTE
r-patched-solaris-x86 1.0 41.20 NOTE
r-release-linux-x86_64 1.0 1.99 20.03 22.02 NOTE
r-release-windows-ix86+x86_64 1.0 7.00 38.00 45.00 NOTE
r-release-osx-x86_64 1.0 NOTE
r-oldrel-windows-ix86+x86_64 1.0 3.00 28.00 31.00 NOTE
r-oldrel-osx-x86_64 1.0 NOTE

Check Details

Version: 1.0
Check: R code for possible problems
Result: NOTE
    XHWE: no visible global function definition for 'read.table'
    result: no visible global function definition for 'pchisq'
    result: no visible global function definition for 'rbinom'
    result: no visible global function definition for 'rmultinom'
    Undefined global functions or variables:
     pchisq rbinom read.table rmultinom
    Consider adding
     importFrom("stats", "pchisq", "rbinom", "rmultinom")
     importFrom("utils", "read.table")
    to your NAMESPACE file.
Flavors: r-devel-linux-x86_64-debian-clang, r-devel-linux-x86_64-debian-gcc, r-devel-linux-x86_64-fedora-clang, r-devel-linux-x86_64-fedora-gcc, r-patched-linux-x86_64, r-patched-solaris-x86, r-release-linux-x86_64, r-release-windows-ix86+x86_64, r-release-osx-x86_64, r-oldrel-windows-ix86+x86_64, r-oldrel-osx-x86_64