CRAN Package Check Results for Package aLFQ

Last updated on 2019-05-01 01:51:37 CEST.

Flavor Version Tinstall Tcheck Ttotal Status Flags
r-devel-linux-x86_64-fedora-clang 1.3.5 96.25 OK
r-patched-solaris-x86 1.3.5 250.60 OK
r-release-osx-x86_64 1.3.4 ERROR
r-oldrel-osx-x86_64 1.3.4 OK

Check Details

Version: 1.3.4
Check: package dependencies
Result: ERROR
    Package required but not available: ‘protiq’
    
    See section ‘The DESCRIPTION file’ in the ‘Writing R Extensions’
    manual.
Flavor: r-release-osx-x86_64