Last updated on 2019-05-01 01:51:37 CEST.
Flavor | Version | Tinstall | Tcheck | Ttotal | Status | Flags |
---|---|---|---|---|---|---|
r-devel-linux-x86_64-debian-clang | 2.2.3 | 7.91 | 211.02 | 218.93 | OK | |
r-devel-linux-x86_64-debian-gcc | 2.2.3 | 6.77 | 264.54 | 271.31 | OK | |
r-devel-linux-x86_64-fedora-clang | 2.2.3 | 187.01 | OK | |||
r-devel-linux-x86_64-fedora-gcc | 2.2.3 | 165.16 | OK | |||
r-patched-linux-x86_64 | 2.2.3 | 8.11 | 201.14 | 209.25 | OK | |
r-patched-solaris-x86 | 2.2.3 | 200.20 | WARN | |||
r-release-linux-x86_64 | 2.2.3 | 7.04 | 197.49 | 204.53 | OK | |
r-release-windows-ix86+x86_64 | 2.2.3 | 19.00 | 207.00 | 226.00 | OK | |
r-release-osx-x86_64 | 2.2.3 | WARN | ||||
r-oldrel-windows-ix86+x86_64 | 2.2.3 | 13.00 | 208.00 | 221.00 | OK | |
r-oldrel-osx-x86_64 | 2.2.3 | WARN |
Version: 2.2.3
Check: re-building of vignette outputs
Result: WARN
Error(s) in re-building vignettes:
...
--- re-building ‘antares.Rmd’ using rmarkdown
Warning in engine$weave(file, quiet = quiet, encoding = enc) :
Pandoc (>= 1.12.3) and/or pandoc-citeproc not available. Falling back to R Markdown v1.
--- finished re-building ‘antares.Rmd’
--- re-building ‘antaresH5.Rmd’ using rmarkdown
Warning in engine$weave(file, quiet = quiet, encoding = enc) :
Pandoc (>= 1.12.3) and/or pandoc-citeproc not available. Falling back to R Markdown v1.
Quitting from lines 38-72 (antaresH5.Rmd)
Error: processing vignette 'antaresH5.Rmd' failed with diagnostics:
there is no package called 'webshot'
--- failed re-building ‘antaresH5.Rmd’
SUMMARY: processing the following file failed:
‘antaresH5.Rmd’
Error: Vignette re-building failed.
Execution halted
Flavor: r-patched-solaris-x86
Version: 2.2.3
Check: package dependencies
Result: NOTE
Package suggested but not available for checking: ‘rhdf5’
Flavor: r-release-osx-x86_64
Version: 2.2.3
Check: re-building of vignette outputs
Result: WARN
Error(s) in re-building vignettes:
...
--- re-building ‘antares.Rmd’ using rmarkdown
Warning in engine$weave(file, quiet = quiet, encoding = enc) :
Pandoc (>= 1.12.3) and/or pandoc-citeproc not available. Falling back to R Markdown v1.
--- finished re-building ‘antares.Rmd’
--- re-building ‘antaresH5.Rmd’ using rmarkdown
Warning in engine$weave(file, quiet = quiet, encoding = enc) :
Pandoc (>= 1.12.3) and/or pandoc-citeproc not available. Falling back to R Markdown v1.
Quitting from lines 38-72 (antaresH5.Rmd)
Error: processing vignette 'antaresH5.Rmd' failed with diagnostics:
cannot open the connection
--- failed re-building ‘antaresH5.Rmd’
SUMMARY: processing the following file failed:
‘antaresH5.Rmd’
Error: Vignette re-building failed.
Execution halted
Flavor: r-release-osx-x86_64
Version: 2.2.3
Check: re-building of vignette outputs
Result: WARN
Error in re-building vignettes:
...
Warning in engine$weave(file, quiet = quiet, encoding = enc) :
Pandoc (>= 1.12.3) and/or pandoc-citeproc not available. Falling back to R Markdown v1.
Warning in engine$weave(file, quiet = quiet, encoding = enc) :
Pandoc (>= 1.12.3) and/or pandoc-citeproc not available. Falling back to R Markdown v1.
Quitting from lines 38-72 (antaresH5.Rmd)
Error: processing vignette 'antaresH5.Rmd' failed with diagnostics:
cannot open the connection
Execution halted
Flavor: r-oldrel-osx-x86_64