Last updated on 2019-05-01 01:51:38 CEST.
Flavor | Version | Tinstall | Tcheck | Ttotal | Status | Flags |
---|---|---|---|---|---|---|
r-devel-linux-x86_64-debian-clang | 0.4.1 | 2.12 | 18.49 | 20.61 | OK | |
r-devel-linux-x86_64-debian-gcc | 0.4.1 | 1.77 | 15.58 | 17.35 | OK | |
r-devel-linux-x86_64-fedora-clang | 0.4.1 | 24.82 | NOTE | |||
r-devel-linux-x86_64-fedora-gcc | 0.4.1 | 23.57 | NOTE | |||
r-patched-linux-x86_64 | 0.4.1 | 2.18 | 18.78 | 20.96 | OK | |
r-patched-solaris-x86 | 0.4.1 | 39.90 | NOTE | |||
r-release-linux-x86_64 | 0.4.1 | 2.08 | 18.77 | 20.85 | OK | |
r-release-windows-ix86+x86_64 | 0.4.1 | 5.00 | 41.00 | 46.00 | OK | |
r-release-osx-x86_64 | 0.4.1 | NOTE | ||||
r-oldrel-windows-ix86+x86_64 | 0.4.1 | 5.00 | 44.00 | 49.00 | OK | |
r-oldrel-osx-x86_64 | 0.4.1 | NOTE |
Version: 0.4.1
Check: dependencies in R code
Result: NOTE
Namespace in Imports field not imported from: ‘testthat’
All declared Imports should be used.
Flavors: r-devel-linux-x86_64-fedora-clang, r-devel-linux-x86_64-fedora-gcc, r-patched-solaris-x86, r-release-osx-x86_64, r-oldrel-osx-x86_64