Last updated on 2019-05-01 01:51:38 CEST.
Flavor | Version | Tinstall | Tcheck | Ttotal | Status | Flags |
---|---|---|---|---|---|---|
r-devel-linux-x86_64-debian-clang | 1.0.0 | 1.87 | 34.96 | 36.83 | OK | |
r-devel-linux-x86_64-debian-gcc | 1.0.0 | 1.60 | 27.71 | 29.31 | OK | |
r-devel-linux-x86_64-fedora-clang | 1.0.0 | 43.26 | NOTE | |||
r-devel-linux-x86_64-fedora-gcc | 1.0.0 | 41.33 | NOTE | |||
r-patched-linux-x86_64 | 1.0.0 | 2.17 | 34.09 | 36.26 | OK | |
r-patched-solaris-x86 | 1.0.0 | 58.90 | NOTE | |||
r-release-linux-x86_64 | 1.0.0 | 2.02 | 33.85 | 35.87 | OK | |
r-release-windows-ix86+x86_64 | 1.0.0 | 9.00 | 60.00 | 69.00 | OK | |
r-release-osx-x86_64 | 1.0.0 | NOTE | ||||
r-oldrel-windows-ix86+x86_64 | 1.0.0 | 7.00 | 63.00 | 70.00 | OK | |
r-oldrel-osx-x86_64 | 1.0.0 | NOTE |
Version: 1.0.0
Check: dependencies in R code
Result: NOTE
Namespaces in Imports field not imported from:
‘purrr’ ‘shinyBS’ ‘shinydashboard’ ‘shinyjs’
All declared Imports should be used.
Flavors: r-devel-linux-x86_64-fedora-clang, r-devel-linux-x86_64-fedora-gcc, r-patched-solaris-x86, r-release-osx-x86_64, r-oldrel-osx-x86_64