Last updated on 2019-05-01 01:51:38 CEST.
Flavor | Version | Tinstall | Tcheck | Ttotal | Status | Flags |
---|---|---|---|---|---|---|
r-devel-linux-x86_64-debian-clang | 0.63 | 1.91 | 34.64 | 36.55 | NOTE | |
r-devel-linux-x86_64-debian-gcc | 0.63 | 1.69 | 26.69 | 28.38 | NOTE | |
r-devel-linux-x86_64-fedora-clang | 0.63 | 42.42 | NOTE | |||
r-devel-linux-x86_64-fedora-gcc | 0.63 | 40.37 | NOTE | |||
r-patched-linux-x86_64 | 0.63 | 1.89 | 34.19 | 36.08 | NOTE | |
r-patched-solaris-x86 | 0.63 | 57.60 | OK | |||
r-release-linux-x86_64 | 0.63 | 1.69 | 34.13 | 35.82 | NOTE | |
r-release-windows-ix86+x86_64 | 0.63 | 7.00 | 56.00 | 63.00 | OK | |
r-release-osx-x86_64 | 0.63 | OK | ||||
r-oldrel-windows-ix86+x86_64 | 0.63 | 3.00 | 43.00 | 46.00 | OK | |
r-oldrel-osx-x86_64 | 0.63 | OK |
Version: 0.63
Check: Rd line widths
Result: NOTE
Rd file 'sdafilter.Rd':
\examples lines wider than 100 characters:
plot(lon,lat,col="lightgrey",type="l",xlim=c(5,18), ylim=c(77.1,79.1),xlab="Longitude",ylab="Latitude")
Rd file 'vmask.Rd':
\examples lines wider than 100 characters:
plot(lon,lat,col="lightgrey",type="l",xlim=c(5,18), ylim=c(77.1,79.1),xlab="Longitude",ylab="Latitude")
These lines will be truncated in the PDF manual.
Flavors: r-devel-linux-x86_64-debian-clang, r-devel-linux-x86_64-debian-gcc, r-devel-linux-x86_64-fedora-clang, r-devel-linux-x86_64-fedora-gcc, r-patched-linux-x86_64, r-release-linux-x86_64