Last updated on 2019-05-01 01:51:38 CEST.
Flavor | Version | Tinstall | Tcheck | Ttotal | Status | Flags |
---|---|---|---|---|---|---|
r-devel-linux-x86_64-debian-clang | 1.3-2 | 17.54 | 154.76 | 172.30 | OK | |
r-devel-linux-x86_64-debian-gcc | 1.3-2 | 14.34 | 117.42 | 131.76 | OK | |
r-devel-linux-x86_64-fedora-clang | 1.3-2 | 203.37 | OK | |||
r-devel-linux-x86_64-fedora-gcc | 1.3-2 | 195.41 | OK | |||
r-patched-linux-x86_64 | 1.3-2 | 17.01 | 151.30 | 168.31 | OK | |
r-patched-solaris-x86 | 1.3-2 | 294.00 | OK | |||
r-release-linux-x86_64 | 1.3-2 | 17.35 | 151.84 | 169.19 | OK | |
r-release-windows-ix86+x86_64 | 1.3-2 | 44.00 | 214.00 | 258.00 | OK | |
r-release-osx-x86_64 | 1.3-2 | NOTE | ||||
r-oldrel-windows-ix86+x86_64 | 1.3-2 | 41.00 | 228.00 | 269.00 | OK | |
r-oldrel-osx-x86_64 | 1.3-2 | OK |
Version: 1.3-2
Check: package dependencies
Result: NOTE
Packages suggested but not available for checking: 'graph', 'Rgraphviz'
Flavor: r-release-osx-x86_64