CRAN Package Check Results for Package ashr

Last updated on 2019-05-01 01:51:38 CEST.

Flavor Version Tinstall Tcheck Ttotal Status Flags
r-devel-linux-x86_64-debian-clang 2.2-32 24.38 111.29 135.67 OK
r-devel-linux-x86_64-debian-gcc 2.2-32 19.78 106.13 125.91 OK
r-devel-linux-x86_64-fedora-clang 2.2-32 170.58 OK
r-devel-linux-x86_64-fedora-gcc 2.2-32 160.22 OK
r-patched-linux-x86_64 2.2-32 26.95 120.31 147.26 OK
r-patched-solaris-x86 2.2-32 218.90 NOTE
r-release-linux-x86_64 2.2-32 26.91 124.92 151.83 OK
r-release-windows-ix86+x86_64 2.2-32 66.00 225.00 291.00 NOTE
r-release-osx-x86_64 2.2-32 OK
r-oldrel-windows-ix86+x86_64 2.2-32 53.00 230.00 283.00 NOTE
r-oldrel-osx-x86_64 2.2-32 NOTE

Check Details

Version: 2.2-32
Check: package dependencies
Result: NOTE
    Package suggested but not available for checking: ‘REBayes’
Flavors: r-patched-solaris-x86, r-release-windows-ix86+x86_64, r-oldrel-windows-ix86+x86_64, r-oldrel-osx-x86_64