Last updated on 2019-05-01 01:51:38 CEST.
Flavor | Version | Tinstall | Tcheck | Ttotal | Status | Flags |
---|---|---|---|---|---|---|
r-devel-linux-x86_64-debian-clang | 1.1.4 | 19.74 | 116.35 | 136.09 | OK | |
r-devel-linux-x86_64-debian-gcc | 1.1.4 | 15.21 | 91.19 | 106.40 | OK | |
r-devel-linux-x86_64-fedora-clang | 1.1.4 | 171.62 | OK | |||
r-devel-linux-x86_64-fedora-gcc | 1.1.4 | 151.46 | OK | |||
r-patched-linux-x86_64 | 1.1.4 | 16.99 | 115.76 | 132.75 | OK | |
r-patched-solaris-x86 | 1.1.4 | 238.70 | OK | |||
r-release-linux-x86_64 | 1.1.4 | 15.92 | 116.61 | 132.53 | OK | |
r-release-windows-ix86+x86_64 | 1.1.4 | 31.00 | 116.00 | 147.00 | OK | |
r-release-osx-x86_64 | 1.1.4 | OK | ||||
r-oldrel-windows-ix86+x86_64 | 1.1.4 | 40.00 | 180.00 | 220.00 | ERROR | |
r-oldrel-osx-x86_64 | 1.1.4 | OK |
Version: 1.1.4
Check: whether package can be installed
Result: ERROR
Installation failed.
Flavor: r-oldrel-windows-ix86+x86_64