CRAN Package Check Results for Package audio

Last updated on 2019-05-01 01:51:38 CEST.

Flavor Version Tinstall Tcheck Ttotal Status Flags
r-devel-linux-x86_64-debian-clang 0.1-6 6.30 20.48 26.78 WARN
r-devel-linux-x86_64-debian-gcc 0.1-6 3.90 16.58 20.48 WARN
r-devel-linux-x86_64-fedora-clang 0.1-6 30.48 NOTE
r-devel-linux-x86_64-fedora-gcc 0.1-6 29.12 NOTE
r-patched-linux-x86_64 0.1-6 4.56 20.51 25.07 WARN
r-patched-solaris-x86 0.1-6 73.50 OK
r-release-linux-x86_64 0.1-6 4.58 20.13 24.71 WARN
r-release-windows-ix86+x86_64 0.1-6 20.00 46.00 66.00 OK
r-release-osx-x86_64 0.1-6 WARN
r-oldrel-windows-ix86+x86_64 0.1-6 16.00 33.00 49.00 OK
r-oldrel-osx-x86_64 0.1-6 WARN

Additional issues

rchk valgrind

Check Details

Version: 0.1-6
Check: whether package can be installed
Result: WARN
    Found the following significant warnings:
     pa.c:247:2: warning: incompatible pointer types initializing 'struct audio_instance *(*)(SEXP, float, int)' (aka 'struct audio_instance *(*)(struct SEXPREC *, float, int)') with an expression of type 'void *(SEXP, float, int)' (aka 'void *(struct SEXPREC *, float, int)') [-Wincompatible-pointer-types]
Flavor: r-devel-linux-x86_64-debian-clang

Version: 0.1-6
Check: compiled code
Result: NOTE
    File 'audio/libs/audio.so':
     Found non-API call to R: 'R_checkActivity'
    
    Compiled code should not call non-API entry points in R.
    
    See 'Writing portable packages' in the 'Writing R Extensions' manual.
Flavors: r-devel-linux-x86_64-debian-clang, r-devel-linux-x86_64-debian-gcc, r-patched-linux-x86_64, r-release-linux-x86_64

Version: 0.1-6
Check: whether package can be installed
Result: WARN
    Found the following significant warnings:
     pa.c:247:2: warning: initialization of ‘struct audio_instance * (*)(struct SEXPREC *, float, int)’ from incompatible pointer type ‘void * (*)(struct SEXPREC *, float, int)’ [-Wincompatible-pointer-types]
Flavors: r-devel-linux-x86_64-debian-gcc, r-patched-linux-x86_64, r-release-linux-x86_64

Version: 0.1-6
Check: compiled code
Result: NOTE
    File ‘audio/libs/audio.so’:
     Found no calls to: ‘R_registerRoutines’, ‘R_useDynamicSymbols’
    
    It is good practice to register native routines and to disable symbol
    search.
    
    See ‘Writing portable packages’ in the ‘Writing R Extensions’ manual.
Flavors: r-devel-linux-x86_64-fedora-clang, r-devel-linux-x86_64-fedora-gcc

Version: 0.1-6
Check: whether package can be installed
Result: WARN
    Found the following significant warnings:
     au.c:375:2: warning: incompatible pointer types initializing 'struct audio_instance *(*)(SEXP, float, int)' (aka 'struct audio_instance *(*)(struct SEXPREC *, float, int)') with an expression of type 'au_instance_t *(SEXP, float, int)' (aka 'struct au_instance *(struct SEXPREC *, float, int)') [-Wincompatible-pointer-types]
     au.c:376:2: warning: incompatible pointer types initializing 'struct audio_instance *(*)(SEXP, float, int, int)' (aka 'struct audio_instance *(*)(struct SEXPREC *, float, int, int)') with an expression of type 'au_instance_t *(SEXP, float, int, int)' (aka 'struct au_instance *(struct SEXPREC *, float, int, int)') [-Wincompatible-pointer-types]
Flavors: r-release-osx-x86_64, r-oldrel-osx-x86_64