Last updated on 2019-05-01 01:51:38 CEST.
Flavor | Version | Tinstall | Tcheck | Ttotal | Status | Flags |
---|---|---|---|---|---|---|
r-devel-linux-x86_64-debian-clang | 1.0.0 | 10.24 | 31.58 | 41.82 | OK | |
r-devel-linux-x86_64-debian-gcc | 1.0.0 | 10.22 | 30.14 | 40.36 | OK | |
r-devel-linux-x86_64-fedora-clang | 1.0.0 | 44.76 | NOTE | |||
r-devel-linux-x86_64-fedora-gcc | 1.0.0 | 44.17 | OK | |||
r-patched-linux-x86_64 | 1.0.0 | 11.82 | 31.25 | 43.07 | OK | |
r-patched-solaris-x86 | 1.0.0 | 95.60 | NOTE | |||
r-release-linux-x86_64 | 1.0.0 | 11.62 | 30.34 | 41.96 | OK | |
r-release-windows-ix86+x86_64 | 1.0.0 | 20.00 | 53.00 | 73.00 | NOTE | |
r-release-osx-x86_64 | 1.0.0 | NOTE | ||||
r-oldrel-windows-ix86+x86_64 | 1.0.0 | 18.00 | 55.00 | 73.00 | NOTE | |
r-oldrel-osx-x86_64 | 1.0.0 | NOTE |
Version: 1.0.0
Check: installed package size
Result: NOTE
installed size is 9.5Mb
sub-directories of 1Mb or more:
data 9.4Mb
Flavors: r-devel-linux-x86_64-fedora-clang, r-patched-solaris-x86, r-release-windows-ix86+x86_64, r-release-osx-x86_64, r-oldrel-windows-ix86+x86_64, r-oldrel-osx-x86_64