Last updated on 2019-05-01 01:51:38 CEST.
Flavor | Version | Tinstall | Tcheck | Ttotal | Status | Flags |
---|---|---|---|---|---|---|
r-devel-linux-x86_64-debian-clang | 0.9.3 | 4.73 | 43.85 | 48.58 | OK | |
r-devel-linux-x86_64-debian-gcc | 0.9.3 | 4.37 | 37.95 | 42.32 | OK | |
r-devel-linux-x86_64-fedora-clang | 0.9.3 | 53.28 | NOTE | |||
r-devel-linux-x86_64-fedora-gcc | 0.9.3 | 49.19 | NOTE | |||
r-patched-linux-x86_64 | 0.9.3 | 5.04 | 42.84 | 47.88 | OK | |
r-patched-solaris-x86 | 0.9.3 | 83.10 | NOTE | |||
r-release-linux-x86_64 | 0.9.3 | 4.65 | 43.17 | 47.82 | OK | |
r-release-windows-ix86+x86_64 | 0.9.3 | 15.00 | 52.00 | 67.00 | OK | |
r-release-osx-x86_64 | 0.9.3 | NOTE | ||||
r-oldrel-windows-ix86+x86_64 | 0.9.3 | 10.00 | 78.00 | 88.00 | OK | |
r-oldrel-osx-x86_64 | 0.9.3 | NOTE |
Version: 0.9.3
Check: dependencies in R code
Result: NOTE
Namespace in Imports field not imported from: ‘ranger’
All declared Imports should be used.
Flavors: r-devel-linux-x86_64-fedora-clang, r-devel-linux-x86_64-fedora-gcc, r-patched-solaris-x86, r-release-osx-x86_64, r-oldrel-osx-x86_64