CRAN Package Check Results for Package bcp

Last updated on 2019-05-01 01:51:39 CEST.

Flavor Version Tinstall Tcheck Ttotal Status Flags
r-devel-linux-x86_64-debian-clang 4.0.3 81.98 36.63 118.61 OK
r-devel-linux-x86_64-debian-gcc 4.0.3 68.87 28.46 97.33 OK
r-devel-linux-x86_64-fedora-clang 4.0.3 184.84 NOTE
r-devel-linux-x86_64-fedora-gcc 4.0.3 165.21 OK
r-patched-linux-x86_64 4.0.3 78.58 36.66 115.24 OK
r-patched-solaris-x86 4.0.3 177.60 OK
r-release-linux-x86_64 4.0.3 81.91 36.67 118.58 OK
r-release-windows-ix86+x86_64 4.0.3 208.00 79.00 287.00 OK
r-release-osx-x86_64 4.0.3 NOTE
r-oldrel-windows-ix86+x86_64 4.0.3 208.00 93.00 301.00 OK
r-oldrel-osx-x86_64 4.0.3 OK

Check Details

Version: 4.0.3
Check: installed package size
Result: NOTE
     installed size is 5.3Mb
     sub-directories of 1Mb or more:
     libs 5.0Mb
Flavor: r-devel-linux-x86_64-fedora-clang

Version: 4.0.3
Check: package dependencies
Result: NOTE
    Package suggested but not available for checking: ‘DNAcopy’
Flavor: r-release-osx-x86_64