CRAN Package Check Results for Package bigMap

Last updated on 2019-05-01 01:51:39 CEST.

Flavor Version Tinstall Tcheck Ttotal Status Flags
r-devel-linux-x86_64-debian-clang 2.1.0 56.06 196.58 252.64 NOTE
r-devel-linux-x86_64-debian-gcc 2.1.0 42.52 160.52 203.04 NOTE
r-devel-linux-x86_64-fedora-clang 2.1.0 314.54 NOTE
r-devel-linux-x86_64-fedora-gcc 2.1.0 303.57 NOTE
r-patched-linux-x86_64 2.1.0 55.04 207.46 262.50 NOTE
r-patched-solaris-x86 2.1.0 199.90 NOTE
r-release-linux-x86_64 2.1.0 51.54 205.37 256.91 NOTE
r-release-windows-ix86+x86_64 2.1.0 134.00 168.00 302.00 NOTE
r-release-osx-x86_64 2.1.0 NOTE
r-oldrel-windows-ix86+x86_64 2.1.0 164.00 195.00 359.00 NOTE
r-oldrel-osx-x86_64 2.1.0 NOTE

Check Details

Version: 2.1.0
Check: for GNU extensions in Makefiles
Result: NOTE
    GNU make is a SystemRequirements.
Flavors: r-devel-linux-x86_64-debian-clang, r-devel-linux-x86_64-debian-gcc, r-devel-linux-x86_64-fedora-clang, r-devel-linux-x86_64-fedora-gcc, r-patched-linux-x86_64, r-patched-solaris-x86, r-release-linux-x86_64, r-release-windows-ix86+x86_64, r-release-osx-x86_64, r-oldrel-windows-ix86+x86_64, r-oldrel-osx-x86_64

Version: 2.1.0
Check: installed package size
Result: NOTE
     installed size is 7.5Mb
     sub-directories of 1Mb or more:
     doc 3.0Mb
     extdata 2.5Mb
     libs 1.8Mb
Flavors: r-devel-linux-x86_64-fedora-clang, r-patched-solaris-x86, r-release-windows-ix86+x86_64, r-release-osx-x86_64, r-oldrel-windows-ix86+x86_64, r-oldrel-osx-x86_64

Version: 2.1.0
Check: package dependencies
Result: NOTE
    Package suggested but not available for checking: ‘Rmpi’
Flavors: r-release-osx-x86_64, r-oldrel-osx-x86_64