CRAN Package Check Results for Package billboarder

Last updated on 2019-05-01 01:51:39 CEST.

Flavor Version Tinstall Tcheck Ttotal Status Flags
r-devel-linux-x86_64-debian-clang 0.2.5 5.18 62.10 67.28 OK
r-devel-linux-x86_64-debian-gcc 0.2.5 4.32 48.69 53.01 OK
r-devel-linux-x86_64-fedora-clang 0.2.5 80.98 OK
r-devel-linux-x86_64-fedora-gcc 0.2.5 75.94 OK
r-patched-linux-x86_64 0.2.5 4.87 59.50 64.37 OK
r-patched-solaris-x86 0.2.5 107.10 WARN
r-release-linux-x86_64 0.2.5 4.60 60.24 64.84 OK
r-release-windows-ix86+x86_64 0.2.5 22.00 90.00 112.00 OK
r-release-osx-x86_64 0.2.5 WARN
r-oldrel-windows-ix86+x86_64 0.2.5 16.00 109.00 125.00 OK
r-oldrel-osx-x86_64 0.2.5 WARN

Check Details

Version: 0.2.5
Check: re-building of vignette outputs
Result: WARN
    Error(s) in re-building vignettes:
     ...
    --- re-building ‘billboarder-intro.Rmd’ using rmarkdown
    Warning in engine$weave(file, quiet = quiet, encoding = enc) :
     Pandoc (>= 1.12.3) and/or pandoc-citeproc not available. Falling back to R Markdown v1.
    Quitting from lines 41-48 (billboarder-intro.Rmd)
    Error: processing vignette 'billboarder-intro.Rmd' failed with diagnostics:
    there is no package called 'webshot'
    --- failed re-building ‘billboarder-intro.Rmd’
    
    --- re-building ‘billboarder-mapping.Rmd’ using rmarkdown
    Warning in engine$weave(file, quiet = quiet, encoding = enc) :
     Pandoc (>= 1.12.3) and/or pandoc-citeproc not available. Falling back to R Markdown v1.
    Quitting from lines 44-46 (billboarder-mapping.Rmd)
    Error: processing vignette 'billboarder-mapping.Rmd' failed with diagnostics:
    there is no package called 'webshot'
    --- failed re-building ‘billboarder-mapping.Rmd’
    
    --- re-building ‘billboarder-options.Rmd’ using rmarkdown
    Warning in engine$weave(file, quiet = quiet, encoding = enc) :
     Pandoc (>= 1.12.3) and/or pandoc-citeproc not available. Falling back to R Markdown v1.
    Quitting from lines 26-29 (billboarder-options.Rmd)
    Error: processing vignette 'billboarder-options.Rmd' failed with diagnostics:
    there is no package called 'webshot'
    --- failed re-building ‘billboarder-options.Rmd’
    
    SUMMARY: processing the following files failed:
     ‘billboarder-intro.Rmd’ ‘billboarder-mapping.Rmd’
     ‘billboarder-options.Rmd’
    
    Error: Vignette re-building failed.
    Execution halted
Flavor: r-patched-solaris-x86

Version: 0.2.5
Check: re-building of vignette outputs
Result: WARN
    Error(s) in re-building vignettes:
    --- re-building ‘billboarder-intro.Rmd’ using rmarkdown
    Warning in engine$weave(file, quiet = quiet, encoding = enc) :
     Pandoc (>= 1.12.3) and/or pandoc-citeproc not available. Falling back to R Markdown v1.
    Quitting from lines 41-48 (billboarder-intro.Rmd)
    Error: processing vignette 'billboarder-intro.Rmd' failed with diagnostics:
    cannot open the connection
    --- failed re-building ‘billboarder-intro.Rmd’
    
    --- re-building ‘billboarder-mapping.Rmd’ using rmarkdown
    Warning in engine$weave(file, quiet = quiet, encoding = enc) :
     Pandoc (>= 1.12.3) and/or pandoc-citeproc not available. Falling back to R Markdown v1.
    Quitting from lines 44-46 (billboarder-mapping.Rmd)
    Error: processing vignette 'billboarder-mapping.Rmd' failed with diagnostics:
    cannot open the connection
    --- failed re-building ‘billboarder-mapping.Rmd’
    
    --- re-building ‘billboarder-options.Rmd’ using rmarkdown
    Warning in engine$weave(file, quiet = quiet, encoding = enc) :
     Pandoc (>= 1.12.3) and/or pandoc-citeproc not available. Falling back to R Markdown v1.
    Quitting from lines 26-29 (billboarder-options.Rmd)
    Error: processing vignette 'billboarder-options.Rmd' failed with diagnostics:
    cannot open the connection
    --- failed re-building ‘billboarder-options.Rmd’
    
    SUMMARY: processing the following files failed:
     ‘billboarder-intro.Rmd’ ‘billboarder-mapping.Rmd’
     ‘billboarder-options.Rmd’
    
    Error: Vignette re-building failed.
    Execution halted
Flavor: r-release-osx-x86_64

Version: 0.2.5
Check: re-building of vignette outputs
Result: WARN
    Error in re-building vignettes:
     ...
    Warning in engine$weave(file, quiet = quiet, encoding = enc) :
     Pandoc (>= 1.12.3) and/or pandoc-citeproc not available. Falling back to R Markdown v1.
    Quitting from lines 41-48 (billboarder-intro.Rmd)
    Error: processing vignette 'billboarder-intro.Rmd' failed with diagnostics:
    cannot open the connection
    Execution halted
Flavor: r-oldrel-osx-x86_64