CRAN Package Check Results for Package biotools

Last updated on 2019-05-01 01:51:39 CEST.

Flavor Version Tinstall Tcheck Ttotal Status Flags
r-devel-linux-x86_64-debian-clang 3.1 13.99 105.59 119.58 OK
r-devel-linux-x86_64-debian-gcc 3.1 10.71 82.40 93.11 OK
r-devel-linux-x86_64-fedora-clang 3.1 142.02 OK
r-devel-linux-x86_64-fedora-gcc 3.1 137.36 OK
r-patched-linux-x86_64 3.1 12.88 104.32 117.20 OK
r-patched-solaris-x86 3.1 242.90 OK
r-release-linux-x86_64 3.1 13.70 103.16 116.86 OK
r-release-windows-ix86+x86_64 3.1 41.00 188.00 229.00 OK
r-release-osx-x86_64 3.1 ERROR
r-oldrel-windows-ix86+x86_64 3.1 25.00 143.00 168.00 OK
r-oldrel-osx-x86_64 3.1 ERROR

Check Details

Version: 3.1
Check: package dependencies
Result: ERROR
    Package required but not available: ‘rpanel’
    
    Package suggested but not available for checking: ‘soilphysics’
    
    See section ‘The DESCRIPTION file’ in the ‘Writing R Extensions’
    manual.
Flavors: r-release-osx-x86_64, r-oldrel-osx-x86_64