Last updated on 2019-05-01 01:51:39 CEST.
Flavor | Version | Tinstall | Tcheck | Ttotal | Status | Flags |
---|---|---|---|---|---|---|
r-devel-linux-x86_64-debian-clang | 0.1 | 5.57 | 29.56 | 35.13 | OK | |
r-devel-linux-x86_64-debian-gcc | 0.1 | 5.20 | 23.50 | 28.70 | OK | |
r-devel-linux-x86_64-fedora-clang | 0.1 | 41.84 | NOTE | |||
r-devel-linux-x86_64-fedora-gcc | 0.1 | 40.92 | OK | |||
r-patched-linux-x86_64 | 0.1 | 5.78 | 29.18 | 34.96 | OK | |
r-patched-solaris-x86 | 0.1 | 63.80 | NOTE | |||
r-release-linux-x86_64 | 0.1 | 5.70 | 28.90 | 34.60 | OK | |
r-release-windows-ix86+x86_64 | 0.1 | 10.00 | 55.00 | 65.00 | NOTE | |
r-release-osx-x86_64 | 0.1 | NOTE | ||||
r-oldrel-windows-ix86+x86_64 | 0.1 | 10.00 | 43.00 | 53.00 | NOTE | |
r-oldrel-osx-x86_64 | 0.1 | NOTE |
Version: 0.1
Check: installed package size
Result: NOTE
installed size is 8.9Mb
sub-directories of 1Mb or more:
data 8.7Mb
Flavors: r-devel-linux-x86_64-fedora-clang, r-patched-solaris-x86, r-release-windows-ix86+x86_64, r-release-osx-x86_64, r-oldrel-windows-ix86+x86_64, r-oldrel-osx-x86_64