Last updated on 2019-05-01 01:51:40 CEST.
Flavor | Version | Tinstall | Tcheck | Ttotal | Status | Flags |
---|---|---|---|---|---|---|
r-devel-linux-x86_64-debian-clang | 0.1.0 | 2.08 | 27.72 | 29.80 | OK | |
r-devel-linux-x86_64-debian-gcc | 0.1.0 | 1.80 | 22.26 | 24.06 | OK | |
r-devel-linux-x86_64-fedora-clang | 0.1.0 | 34.35 | NOTE | |||
r-devel-linux-x86_64-fedora-gcc | 0.1.0 | 32.86 | NOTE | |||
r-patched-linux-x86_64 | 0.1.0 | 1.92 | 26.84 | 28.76 | OK | |
r-patched-solaris-x86 | 0.1.0 | 54.40 | NOTE | |||
r-release-linux-x86_64 | 0.1.0 | 2.11 | 27.07 | 29.18 | OK | |
r-release-windows-ix86+x86_64 | 0.1.0 | 8.00 | 56.00 | 64.00 | OK | |
r-release-osx-x86_64 | 0.1.0 | NOTE | ||||
r-oldrel-windows-ix86+x86_64 | 0.1.0 | 5.00 | 42.00 | 47.00 | OK | |
r-oldrel-osx-x86_64 | 0.1.0 | NOTE |
Version: 0.1.0
Check: dependencies in R code
Result: NOTE
Namespace in Imports field not imported from: ‘sp’
All declared Imports should be used.
Flavors: r-devel-linux-x86_64-fedora-clang, r-devel-linux-x86_64-fedora-gcc, r-patched-solaris-x86, r-release-osx-x86_64, r-oldrel-osx-x86_64