Last updated on 2019-05-01 01:51:40 CEST.
Flavor | Version | Tinstall | Tcheck | Ttotal | Status | Flags |
---|---|---|---|---|---|---|
r-devel-linux-x86_64-debian-clang | 0.1.5 | 2.66 | 23.11 | 25.77 | OK | |
r-devel-linux-x86_64-debian-gcc | 0.1.5 | 2.16 | 18.73 | 20.89 | OK | |
r-devel-linux-x86_64-fedora-clang | 0.1.5 | 30.01 | NOTE | |||
r-devel-linux-x86_64-fedora-gcc | 0.1.5 | 28.49 | NOTE | |||
r-patched-linux-x86_64 | 0.1.5 | 2.13 | 23.33 | 25.46 | OK | |
r-patched-solaris-x86 | 0.1.5 | 44.50 | NOTE | |||
r-release-linux-x86_64 | 0.1.5 | 2.67 | 23.24 | 25.91 | OK | |
r-release-windows-ix86+x86_64 | 0.1.5 | 6.00 | 44.00 | 50.00 | OK | |
r-release-osx-x86_64 | 0.1.5 | NOTE | ||||
r-oldrel-windows-ix86+x86_64 | 0.1.5 | 4.00 | 34.00 | 38.00 | OK | |
r-oldrel-osx-x86_64 | 0.1.5 | NOTE |
Version: 0.1.5
Check: dependencies in R code
Result: NOTE
Namespaces in Imports field not imported from:
‘Rcpp’ ‘profileModel’
All declared Imports should be used.
Flavors: r-devel-linux-x86_64-fedora-clang, r-devel-linux-x86_64-fedora-gcc, r-patched-solaris-x86, r-release-osx-x86_64, r-oldrel-osx-x86_64