Last updated on 2019-05-01 01:51:40 CEST.
Flavor | Version | Tinstall | Tcheck | Ttotal | Status | Flags |
---|---|---|---|---|---|---|
r-devel-linux-x86_64-debian-clang | 0.5.2 | 10.14 | 222.22 | 232.36 | OK | |
r-devel-linux-x86_64-debian-gcc | 0.5.2 | 8.69 | 165.77 | 174.46 | OK | |
r-devel-linux-x86_64-fedora-clang | 0.5.2 | 277.58 | OK | |||
r-devel-linux-x86_64-fedora-gcc | 0.5.2 | 291.57 | OK | |||
r-patched-linux-x86_64 | 0.5.2 | 8.23 | 213.57 | 221.80 | OK | |
r-patched-solaris-x86 | 0.5.2 | 399.00 | OK | |||
r-release-linux-x86_64 | 0.5.2 | 11.56 | 214.10 | 225.66 | OK | |
r-release-windows-ix86+x86_64 | 0.5.2 | 29.00 | 273.00 | 302.00 | OK | |
r-release-osx-x86_64 | 0.5.2 | NOTE | ||||
r-oldrel-windows-ix86+x86_64 | 0.5.2 | 20.00 | 313.00 | 333.00 | OK | |
r-oldrel-osx-x86_64 | 0.5.2 | OK |
Version: 0.5.2
Check: package dependencies
Result: NOTE
Package suggested but not available for checking: ‘xergm’
Flavor: r-release-osx-x86_64