Last updated on 2019-05-01 01:51:40 CEST.
Flavor | Version | Tinstall | Tcheck | Ttotal | Status | Flags |
---|---|---|---|---|---|---|
r-devel-linux-x86_64-debian-clang | 0.0.2 | 7.73 | 99.68 | 107.41 | NOTE | |
r-devel-linux-x86_64-debian-gcc | 0.0.2 | 7.47 | 77.51 | 84.98 | NOTE | |
r-devel-linux-x86_64-fedora-clang | 0.0.2 | 124.83 | NOTE | |||
r-devel-linux-x86_64-fedora-gcc | 0.0.2 | 120.08 | NOTE | |||
r-patched-linux-x86_64 | 0.0.2 | 8.30 | 95.27 | 103.57 | NOTE | |
r-patched-solaris-x86 | 0.0.2 | 205.30 | NOTE | |||
r-release-linux-x86_64 | 0.0.2 | 7.24 | 95.21 | 102.45 | NOTE | |
r-release-windows-ix86+x86_64 | 0.0.2 | 24.00 | 112.00 | 136.00 | NOTE | |
r-release-osx-x86_64 | 0.0.2 | NOTE | ||||
r-oldrel-windows-ix86+x86_64 | 0.0.2 | 14.00 | 140.00 | 154.00 | NOTE | |
r-oldrel-osx-x86_64 | 0.0.2 | NOTE |
Version: 0.0.2
Check: dependencies in R code
Result: NOTE
Missing or unexported object: 'dplyr::group_modify'
Flavors: r-devel-linux-x86_64-debian-clang, r-devel-linux-x86_64-debian-gcc, r-devel-linux-x86_64-fedora-clang, r-devel-linux-x86_64-fedora-gcc, r-patched-linux-x86_64, r-patched-solaris-x86, r-release-linux-x86_64, r-release-windows-ix86+x86_64, r-release-osx-x86_64, r-oldrel-windows-ix86+x86_64, r-oldrel-osx-x86_64